at are the prime factors of o(m)?
2, 29
Let c(y) = y**3 - 20*y**2 + 30*y - 37. Let f be c(19). Let d(h) = -2*h - 5. Let j be d(-5). Suppose j*r - f = -52. List the prime factors of r.
2, 3
Let k = 872 - 669. What are the prime factors of k?
7, 29
Suppose 2*n = -0*n + 10. Suppose 2*r + 3*r - 30 = 0. Let z = r + n. List the prime factors of z.
11
What are the prime factors of (-6)/(-9) - (-72677)/33?
2203
List the prime factors of (-28166)/(-20) - (-213)/(-710).
2, 11
What are the prime factors of (63 - -619) + (0 - -7)?
13, 53
Let y = 72 + -70. Suppose -3*d + 12 = 0, -f - y*d = d - 156. What are the prime factors of f?
2, 3
Suppose 2*r = 287 - 47. Suppose -38*f + 34*f = -r. List the prime factors of f.
2, 3, 5
What are the prime factors of -7 - (-5680 - (2 - -2))?
7, 811
List the prime factors of 9558/24 - (-2)/(-8).
2, 199
Suppose 2*b - 5 + 43 = 0. Let h = -7 - b. What are the prime factors of ((-40)/h)/((-8)/60)?
5
Suppose -v = 2*v - z - 14, 0 = 2*v + 5*z + 2. Suppose -6*a + 39 = -3*a - 4*u, -3*a - v*u = -15. List the prime factors of (-2)/a - (-692)/36.
19
List the prime factors of 3 - (-20641)/5 - (-56)/70.
2, 1033
Let l(k) = 5*k + 56. Let n be l(-13). Let x(v) = -11*v - 5. List the prime factors of x(n).
2, 47
Suppose 4*l - 14223 = -3*v, -3*v - 2900 = -5*l + 14872. What are the prime factors of l?
3, 5, 79
List the prime factors of (1717 + -10)/(-2*(-1)/2).
3, 569
Let w be (-12 - -7)/(-3 + 2). Suppose -3*n + 12 + 4 = -2*t, -5*n = w*t - 10. Let k = 13 + t. List the prime factors of k.
11
Suppose 3*r + 3*x - 9930 = 0, 0 = 6*r + 3*x - 12580 - 7286. List the prime factors of r.
2, 3, 23
Let y(r) be the second derivative of r**3/6 - 3*r**2 - 4*r. Let g be y(0). Let f = -1 - g. List the prime factors of f.
5
Let n = 385 - 49. What are the prime factors of n?
2, 3, 7
Let l(i) = 8*i + 1. Let o = 18 + -13. Let x = o - 1. What are the prime factors of l(x)?
3, 11
Let a = 13 + -14. Let l be a/(((-9)/165)/(-3)). List the prime factors of (-1110)/l + (-6)/33.
2, 5
Let n be (-2)/(-3 - -1) + (-195 - 25). What are the prime factors of ((-22)/30 + (-4)/(-10))*n?
73
Let w = 694 - 1289. Let m be w/(-20) + 2/8. Suppose -3*o = -0*o - m. List the prime factors of o.
2, 5
Let m = 71 + -68. Suppose 0 = m*f - 105 - 15. What are the prime factors of f?
2, 5
Let y(w) be the first derivative of 10*w**3/3 - 9*w**2/2 - 5*w - 25. What are the prime factors of y(4)?
7, 17
Let b = 21 + -19. Suppose -4*f - z = -1054, -b*z = 2*f - 0*z - 524. Suppose 4*t - f = -12. List the prime factors of t.
3, 7
Let r be 1*-2 - (8/(-2) - 299). Suppose 3*m + 4 = r. List the prime factors of m.
3, 11
Let h be (0/1 - -12)*2. Suppose p - 15 = h. What are the prime factors of p?
3, 13
Let j be (2 - 10/3)*-3*1. Suppose j*w - 1674 = -14*w. List the prime factors of w.
3, 31
Let y(v) = 6*v**2 + 2*v - 1. Let l = -15 - -12. What are the prime factors of y(l)?
47
Suppose 0*f + 3 = -q + 3*f, -24 = -2*q - 4*f. Suppose 6*x = -3*g + x - 14, g = x + q. Let w = g - -3. List the prime factors of w.
5
Let a(n) = 28*n**2 - 40*n - 211. What are the prime factors of a(-11)?
3617
Let n(i) = -i**3 + 3*i**2 - 3*i + 13. Let g be n(4). What are the prime factors of ((-492)/g)/((-12)/(-30))?
2, 41
Let w = 76 + 161. List the prime factors of w.
3, 79
Suppose 5*o - 5*w = 5690, 7*o - 6*o - 3*w = 1128. What are the prime factors of o?
3, 127
Let f(o) = -o**2 - 20*o - 4. Suppose -5*q = 46 + 24. Let x be f(q). What are the prime factors of 4/6 + x/6?
2, 7
Let h(t) = 2081*t**2 - 23*t - 21. List the prime factors of h(-1).
2083
Let t = 56 - 54. Let w be 39/1 + (-11 - -8). Suppose -182 + w = -t*l. What are the prime factors of l?
73
Let l = -249 - -3672. List the prime factors of l.
3, 7, 163
Suppose 3 = -z - 27. Let y = z + 30. Suppose y = 2*h - 7*h + 230. List the prime factors of h.
2, 23
Let p(i) = -i**2 + 11*i + 14. Let x be p(12). Let c(r) = 2*r**3 + r. List the prime factors of c(x).
2, 3
Let a = 36 + -52. What are the prime factors of ((72/a)/9)/(1/(-28))?
2, 7
Let t(l) = l - 1. Let o be t(1). Suppose o = -5*y + 5*f - 35, -2*f - 18 = 2*y - 5*f. List the prime factors of y/(-1) - (-6 + 0).
3
What are the prime factors of 50/10 - (2 + -343)?
2, 173
Let g be 6/10 - 6559/(-35). Suppose -g = -3*l + 781. List the prime factors of l.
17, 19
Suppose 6*w = -0*w + 24. What are the prime factors of w/4*-3 + 41?
2, 19
Suppose r - 12 = -3*r. Suppose 7*y = 6*y + r. Suppose -2*a = -6*a + 3*c + 254, 0 = -y*a + 3*c + 189. List the prime factors of a.
5, 13
Let z(f) = f**2 - 3*f. Let h be z(3). List the prime factors of 92 - (h - 0 - 1).
3, 31
Let z be -19 + (4 + 5)/(-3). What are the prime factors of z*(0 + (-12)/8)?
3, 11
Let p(m) = -41*m - 45. What are the prime factors of p(-9)?
2, 3
Suppose -12*f = -10*f - 940. Suppose 4*i - 568 = -k - 102, 4*i - k = f. What are the prime factors of i?
3, 13
Let p = -12 + -19. Let z = 1 - p. List the prime factors of z.
2
Let x(v) = v**2 - 8*v + 15. Let j = 3 + 7. List the prime factors of x(j).
5, 7
Suppose -d - 3*j = -2*d + 3, -5*d + 2*j = -80. Let h = d + -13. Suppose 0 = 4*s - 8, -h*v - s = -3*s - 186. What are the prime factors of v?
2, 19
Let w(f) = -5*f**3 - 5*f - 4 + f**3 + 3*f**3 - 9*f**2. Let s be w(-4). Let p = -36 - s. What are the prime factors of p?
2, 7
Suppose 3*c = -3*w + 3285, 2*c + 7*w - 2184 = 2*w. List the prime factors of c.
1097
Suppose 4*t + t - 2*k = 21458, -4*t + 17165 = -3*k. What are the prime factors of t?
2, 29, 37
Let y(u) = 233*u**2 + 19*u - 54. What are the prime factors of y(4)?
2, 3, 5
Let f = -84 - -138. Suppose 0 = 56*l - f*l - 388. List the prime factors of l.
2, 97
Let f be 6*2 - (12 + -11). Suppose 5*q + 24 + 6 = -5*d, 3*d = -q - 14. Let n = q + f. List the prime factors of n.
3
Let v be 0*(2 + (-3)/3). Suppose v*j = -4*j - 672. What are the prime factors of j/(-4) + (-1)/(-1)?
43
Let z be (20/8 + -3)*-376. Suppose -43*d + z = -39*d. List the prime factors of d.
47
Suppose 0 = -5*l + 42 - 12. Let d(x) = 42*x - 36. List the prime factors of d(l).
2, 3
Suppose 0 = -0*d + 2*d + 6. Let w be 41/(7/2 + d). Let s = -46 + w. What are the prime factors of s?
2, 3
Let k(d) = -211*d - 155. What are the prime factors of k(-23)?
2, 3, 29
Let y be (-1)/((-99)/25 + 4). Let x = -14 - y. What are the prime factors of x?
11
Let r = -29 - -64. List the prime factors of 5/r - (-438)/21.
3, 7
Suppose -3*d + 681 = -972. List the prime factors of d.
19, 29
Let g be 8/(-4)*(-10)/(-4) + 5. Let y be (0 + 1 - 2) + 67. Suppose -a + 4*a - y = g. What are the prime factors of a?
2, 11
Let y(m) = m**3 - 5*m**2 - 6*m - 6. Let o be y(6). Let j be (-2)/o*3 + 5. List the prime factors of (-224)/12*j/(-2).
2, 7
Let m(x) = -8*x + 11*x**2 - 9*x**2 + 8 + 4. What are the prime factors of m(9)?
2, 3, 17
Let a(d) = -50*d + 646. List the prime factors of a(9).
2, 7
Suppose 4*s - 2 = 2*s. Let c(n) = -6*n + s - n**3 - n**2 - 2 + 3*n + 2*n**3. What are the prime factors of c(3)?
2
Suppose 2*u = -4*b + 4, b - 5*b - 16 = 0. What are the prime factors of (5 + 1)*(0 - (-305)/u)?
3, 61
List the prime factors of 3 - -1*5*(-152760)/(-200).
2, 3, 7, 13
Let p(i) = 3*i + 1. Suppose -4*r + 4*u - 1 = 5*u, 5*r = 2*u - 11. Let h be p(r). Let f = 21 + h. List the prime factors of f.
19
Let x(z) = -12*z**3 - 16*z**2 + 15*z + 57. What are the prime factors of x(-6)?
3, 661
Let h be 95/(-25) - -3*3/(-45). Let p = 15 - h. What are the prime factors of p?
19
Let d be (-2)/4 - (-84)/24. Let q(a) = -1 - 12*a**3 + 5*a**d + 6*a**3 + 5*a**2. List the prime factors of q(3).
17
Let k(o) = 27*o**2 + 2*o. Let g be k(-2). Let n = -52 + g. What are the prime factors of n?
2, 13
What are the prime factors of 10 + -10 + 0 - (-3716)/2?
2, 929
What are the prime factors of (-21 + 19)*(-1 + -132) - -5?
271
Let d be 2*10/4 + 1/1. Suppose -x = d*x - 70. List the prime factors of x.
2, 5
Let r = -12 - -17. Suppose 5*t + 7 = u + 2*t, t + 91 = r*u. What are the prime factors of u?
19
Let t be (-4 - -7)/(-3) + -4. Let c(h) be the second derivative of -11*h**3/6 + 7*h**2 - 10*h. What are the prime factors of c(t)?
3, 23
List the prime factors of (102/4)/((-18)/(-204)).
17
Suppose 0 = 8*t - 10*t + 16. Let c(i) = i - 2. What are the prime factors of c(t)?
2, 3
Let r(m) = 17*m**2 + m + 1. Let j be (-3)/2*6/27*6. List the prime factors of r(j)